 23.
5
What is the remainder when 4083 is divided by 1017?
15
What is the remainder when 13 is divided by 2?
1
What is the remainder when 1752 is divided by 222?
198
Calculate the remainder when 985 is divided by 30.
25
Calculate the remainder when 194 is divided by 115.
79
Calculate the remainder when 135 is divided by 11.
3
What is the remainder when 695 is divided by 28?
23
Calculate the remainder when 179 is divided by 46.
41
Calculate the remainder when 75 is divided by 7.
5
What is the remainder when 1033 is divided by 52?
45
Calculate the remainder when 236 is divided by 60.
56
What is the remainder when 250 is divided by 215?
35
What is the remainder when 1545 is divided by 119?
117
Calculate the remainder when 717 is divided by 202.
111
What is the remainder when 2879 is divided by 67?
65
Calculate the remainder when 66 is divided by 27.
12
Calculate the remainder when 221 is divided by 30.
11
Calculate the remainder when 238 is divided by 55.
18
What is the remainder when 215 is divided by 13?
7
Calculate the remainder when 8889 is divided by 212.
197
Calculate the remainder when 268 is divided by 134.
0
Calculate the remainder when 1737 is divided by 4.
1
Calculate the remainder when 606 is divided by 100.
6
Calculate the remainder when 157 is divided by 71.
15
Calculate the remainder when 13878 is divided by 20.
18
Calculate the remainder when 389 is divided by 22.
15
Calculate the remainder when 1318 is divided by 15.
13
What is the remainder when 710 is divided by 354?
2
What is the remainder when 7271 is divided by 2418?
17
Calculate the remainder when 69 is divided by 61.
8
What is the remainder when 534 is divided by 262?
10
Calculate the remainder when 27001 is divided by 314.
311
Calculate the remainder when 57 is divided by 44.
13
Calculate the remainder when 28 is divided by 6.
4
What is the remainder when 2756 is divided by 918?
2
What is the remainder when 308 is divided by 74?
12
Calculate the remainder when 3578 is divided by 13.
3
What is the remainder when 788 is divided by 79?
77
What is the remainder when 46 is divided by 30?
16
What is the remainder when 1759 is divided by 12?
7
Calculate the remainder when 235 is divided by 59.
58
Calculate the remainder when 407 is divided by 19.
8
Calculate the remainder when 1603 is divided by 73.
70
What is the remainder when 94 is divided by 22?
6
What is the remainder when 1373 is divided by 25?
23
Calculate the remainder when 587 is divided by 144.
11
Calculate the remainder when 319 is divided by 17.
13
Calculate the remainder when 737 is divided by 163.
85
Calculate the remainder when 126 is divided by 54.
18
What is the remainder when 400 is divided by 17?
9
What is the remainder when 1058 is divided by 194?
88
Calculate the remainder when 4954 is divided by 1647.
13
What is the remainder when 303 is divided by 11?
6
Calculate the remainder when 1407 is divided by 64.
63
What is the remainder when 923 is divided by 58?
53
What is the remainder when 263 is divided by 24?
23
Calculate the remainder when 206 is divided by 14.
10
What is the remainder when 254 is divided by 8?
6
What is the remainder when 181 is divided by 16?
5
Calculate the remainder when 25 is divided by 4.
1
Calculate the remainder when 18 is divided by 13.
5
What is the remainder when 297 is divided by 115?
67
Calculate the remainder when 31 is divided by 31.
0
What is the remainder when 754 is divided by 12?
10
What is the remainder when 56 is divided by 31?
25
What is the remainder when 516 is divided by 191?
134
What is the remainder when 1060 is divided by 48?
4
Calculate the remainder when 239 is divided by 79.
2
What is the remainder when 1823 is divided by 601?
20
Calculate the remainder when 566 is divided by 549.
17
What is the remainder when 348 is divided by 56?
12
What is the remainder when 346 is divided by 51?
40
Calculate the remainder when 1309 is divided by 41.
38
Calculate the remainder when 118 is divided by 41.
36
What is the remainder when 520 is divided by 131?
127
What is the remainder when 58 is divided by 11?
3
Calculate the remainder when 6532 is divided by 18.
16
What is the remainder when 391 is divided by 14?
13
What is the remainder when 189 is divided by 39?
33
Calculate the remainder when 1506 is divided by 10.
6
Calculate the remainder when 599 is divided by 60.
59
What is the remainder when 3680 is divided by 19?
13
What is the remainder when 691 is divided by 77?
75
What is the remainder when 790 is divided by 79?
0
What is the remainder when 40 is divided by 17?
6
What is the remainder when 7176 is divided by 6?
0
Calculate the remainder when 104 is divided by 64.
40
Calculate the remainder when 455 is divided by 33.
26
What is the remainder when 29 is divided by 29?
0
What is the remainder when 5277 is divided by 19?
14
Calculate the remainder when 1763 is divided by 7.
6
What is the remainder when 521 is divided by 134?
119
What is the remainder when 399 is divided by 109?
72
Calculate the remainder when 886 is divided by 24.
22
What is the remainder when 204 is divided by 93?
18
What is the remainder when 1532 is divided by 383?
0
Calculate the remainder when 458 is divided by 17.
16
Calculate the remainder when 342 is divided by 32.
22
Calculate the remainder when 847 is divided by 66.
55
Calculate the remainder when 697 is divided by 185.
142
What is the remainder when 692 is divided by 6?
2
What is the remainder when 862 is divided by 54?
52
Calculate the remainder when 189 is divided by 52.
33
What is the remainder when 89 is divided by 13?
11
Calculate the remainder when 389 is divided by 96.
5
What is the remainder when 18 is divided by 1?
0
Calculate the remainder when 415 is divided by 132.
19
What is the remainder when 974 is divided by 252?
218
Calculate the remainder when 330 is divided by 56.
50
What is the remainder when 8519 is divided by 60?
59
Calculate the remainder when 434 is divided by 23.
20
Calculate the remainder when 393 is divided by 220.
173
What is the remainder when 2657 is divided by 27?
11
Calculate the remainder when 114 is divided by 58.
56
Calculate the remainder when 193 is divided by 49.
46
Calculate the remainder when 7201 is divided by 11.
7
Calculate the remainder when 474 is divided by 22.
12
Calculate the remainder when 6613 is divided by 23.
12
What is the remainder when 1559 is divided by 82?
1
Calculate the remainder when 142 is divided by 8.
6
What is the remainder when 4841 is divided by 1606?
23
Calculate the remainder when 197 is divided by 64.
5
Calculate the remainder when 246 is divided by 35.
1
Calculate the remainder when 58 is divided by 34.
24
What is the remainder when 672 is divided by 26?
22
What is the remainder when 477 is divided by 231?
15
What is the remainder when 145 is divided by 21?
19
What is the remainder when 660 is divided by 133?
128
What is the remainder when 503 is divided by 24?
23
Calculate the remainder when 1282 is divided by 23.
17
What is the remainder when 216 is divided by 44?
40
Calculate the remainder when 1064 is divided by 71.
70
What is the remainder when 1097 is divided by 7?
5
What is the remainder when 1390 is divided by 58?
56
What is the remainder when 158 is divided by 58?
42
Calculate the remainder when 354 is divided by 71.
70
Calculate the remainder when 82 is divided by 21.
19
Calculate the remainder when 1201 is divided by 367.
100
Calculate the remainder when 1363 is divided by 62.
61
What is the remainder when 2116 is divided by 54?
10
What is the remainder when 571 is divided by 7?
4
Calculate the remainder when 900 is divided by 121.
53
What is the remainder when 51 is divided by 29?
22
Calculate the remainder when 1821 is divided by 166.
161
What is the remainder when 477 is divided by 32?
29
What is the remainder when 882 is divided by 289?
15
Calculate the remainder when 881 is divided by 18.
17
What is the remainder when 218 is divided by 13?
10
Calculate the remainder when 103 is divided by 35.
33
What is the remainder when 675 is divided by 237?
201
Calculate the remainder when 77 is divided by 5.
2
What is the remainder when 2101 is divided by 26?
21
What is the remainder when 535 is divided by 91?
80
What is the remainder when 114 is divided by 5?
4
Ca